{"id":339,"date":"2021-07-10T15:44:42","date_gmt":"2021-07-10T15:44:42","guid":{"rendered":"http:\/\/rainers-wasserfloehe.de\/?page_id=339"},"modified":"2024-01-24T13:22:49","modified_gmt":"2024-01-24T13:22:49","slug":"impressum","status":"publish","type":"page","link":"https:\/\/rainers-wasserfloehe.de\/?page_id=339","title":{"rendered":"Impressum"},"content":{"rendered":"<div class=\"nicepage-container\"><div class=\"\" style=\"\" >        <script>\n            (function ($) {\n                var ResponsiveCms = window.ResponsiveCms;\n                if (!ResponsiveCms) {\n                    return;\n                }\n                ResponsiveCms.contentDom = $('script:last').parent();\n                ResponsiveCms.prevMode = \"XL\";\n\n                if (typeof ResponsiveCms.recalcClasses === 'function') {\n                    ResponsiveCms.recalcClasses();\n                }\n            })(jQuery);\n        <\/script>\n        \n    \n    <section class=\"u-clearfix u-section-2\" id=\"sec-63a3\">\n      <div class=\"u-clearfix u-sheet u-sheet-1\">\n        <div class=\"u-align-center u-container-style u-group u-group-1\">\n          <div class=\"u-container-layout u-container-layout-1\">\n            <div alt=\"\" class=\"u-image u-image-circle u-image-1\" data-image-width=\"1087\" data-image-height=\"1600\" style=\"background-image: url(&quot;https:\/\/rainers-wasserfloehe.de\/wp-content\/uploads\/2021\/07\/Logo.png&quot;);\"><\/div>\n            <p class=\"u-text u-text-1\">Impressum<\/p>\n            <p class=\"u-text u-text-2\"> Angaben gem\u00e4\u00df \u00a7 5 TMG:<br>\n              <br>Rainer M\u00fcller<br>Rainers Wasserfl\u00f6he Schwimmschule<br>Weinbergstra\u00dfe 8<br>96231 Bad Staffelstein<br>Kontakt:<br>Telefon: \t09573 222654<br>Telefax: \t09573 222653<br>E-Mail: \tmail@rainers-wasserfloehe.de\n            <\/p>\n          <\/div>\n        <\/div>\n      <\/div>\n    <\/section>\n    \n    \n    \n  \n<\/div><\/div>","protected":false},"excerpt":{"rendered":"<p>Impressum Angaben gem\u00e4\u00df \u00a7 5 TMG: Rainer M\u00fcllerRainers Wasserfl\u00f6he SchwimmschuleWeinbergstra\u00dfe 896231 Bad StaffelsteinKontakt:Telefon: 09573 222654Telefax: 09573 222653E-Mail: mail@rainers-wasserfloehe.de<\/p>\n","protected":false},"author":1,"featured_media":0,"parent":0,"menu_order":1,"comment_status":"closed","ping_status":"closed","template":"","meta":{"footnotes":""},"class_list":["post-339","page","type-page","status-publish","hentry"],"_links":{"self":[{"href":"https:\/\/rainers-wasserfloehe.de\/index.php?rest_route=\/wp\/v2\/pages\/339","targetHints":{"allow":["GET"]}}],"collection":[{"href":"https:\/\/rainers-wasserfloehe.de\/index.php?rest_route=\/wp\/v2\/pages"}],"about":[{"href":"https:\/\/rainers-wasserfloehe.de\/index.php?rest_route=\/wp\/v2\/types\/page"}],"author":[{"embeddable":true,"href":"https:\/\/rainers-wasserfloehe.de\/index.php?rest_route=\/wp\/v2\/users\/1"}],"replies":[{"embeddable":true,"href":"https:\/\/rainers-wasserfloehe.de\/index.php?rest_route=%2Fwp%2Fv2%2Fcomments&post=339"}],"version-history":[{"count":2,"href":"https:\/\/rainers-wasserfloehe.de\/index.php?rest_route=\/wp\/v2\/pages\/339\/revisions"}],"predecessor-version":[{"id":374,"href":"https:\/\/rainers-wasserfloehe.de\/index.php?rest_route=\/wp\/v2\/pages\/339\/revisions\/374"}],"wp:attachment":[{"href":"https:\/\/rainers-wasserfloehe.de\/index.php?rest_route=%2Fwp%2Fv2%2Fmedia&parent=339"}],"curies":[{"name":"wp","href":"https:\/\/api.w.org\/{rel}","templated":true}]}}